{"id":82,"date":"2023-04-04T19:33:50","date_gmt":"2023-04-04T19:33:50","guid":{"rendered":"https:\/\/letsdefend.ch\/?page_id=82"},"modified":"2023-04-04T19:33:50","modified_gmt":"2023-04-04T19:33:50","slug":"impressum","status":"publish","type":"page","link":"https:\/\/letsdefend.ch\/index.php\/impressum\/","title":{"rendered":"Impressum"},"content":{"rendered":"\n<p><strong>Kontaktadresse<\/strong><br>Blackbox 51 GmbH<br>Z\u00fcrcherstrasse 431<br>9015 St. Gallen<br>Schweiz<br>info@letsdefend.ch<\/p>\n\n\n\n<p><strong>Handelsregistereintrag<\/strong><br>Eingetragener Firmenname: Blackbox 51 GmbH<br>Nummer: CHE-382.919.342<\/p>\n\n\n\n<p><strong>Haftungsausschluss<\/strong><br>Der Autor \u00fcbernimmt keinerlei Gew\u00e4hr hinsichtlich der inhaltlichen Richtigkeit, Genauigkeit, Aktualit\u00e4t, Zuverl\u00e4ssigkeit und Vollst\u00e4ndigkeit der Informationen. Haftungsanspr\u00fcche gegen den Autor wegen Sch\u00e4den materieller oder immaterieller Art, welche aus dem Zugriff oder der Nutzung bzw. Nichtnutzung der ver\u00f6ffentlichten Informationen, durch Missbrauch der Verbindung oder durch technische St\u00f6rungen entstanden sind, werden ausgeschlossen. Alle Angebote sind unverbindlich. Der Autor beh\u00e4lt es sich ausdr\u00fccklich vor, Teile der Seiten oder das gesamte Angebot ohne gesonderte Ank\u00fcndigung zu ver\u00e4ndern, zu erg\u00e4nzen, zu l\u00f6schen oder die Ver\u00f6ffentlichung zeitweise oder endg\u00fcltig einzustellen.<\/p>\n\n\n\n<p><strong>Haftung f\u00fcr Links<\/strong><br>Verweise und Links auf Webseiten Dritter liegen ausserhalb unseres Verantwortungsbereichs Es wird jegliche Verantwortung f\u00fcr solche Webseiten abgelehnt. Der Zugriff und die Nutzung solcher Webseiten erfolgen auf eigene Gefahr des Nutzers oder der Nutzerin.<\/p>\n\n\n\n<p><strong>Urheberrechte<\/strong><br>Die Urheber- und alle anderen Rechte an Inhalten, Bildern, Fotos oder anderen Dateien auf der Website geh\u00f6ren ausschliesslich der Firma Blackbox 51 GmbH oder den speziell genannten Rechtsinhabern. F\u00fcr die Reproduktion jeglicher Elemente ist die schriftliche Zustimmung der Urheberrechtstr\u00e4ger im Voraus einzuholen.<br><br><strong>Bilderverzeichnis<\/strong><br><\/p>\n","protected":false},"excerpt":{"rendered":"<p>KontaktadresseBlackbox 51 GmbHZ\u00fcrcherstrasse 4319015 St. GallenSchweizinfo@letsdefend.ch HandelsregistereintragEingetragener Firmenname: Blackbox 51 GmbHNummer: CHE-382.919.342 HaftungsausschlussDer Autor \u00fcbernimmt keinerlei Gew\u00e4hr hinsichtlich der inhaltlichen Richtigkeit, Genauigkeit, Aktualit\u00e4t, Zuverl\u00e4ssigkeit und Vollst\u00e4ndigkeit der Informationen. Haftungsanspr\u00fcche gegen den Autor wegen Sch\u00e4den materieller oder immaterieller Art, welche aus dem Zugriff oder der Nutzung bzw. Nichtnutzung der ver\u00f6ffentlichten Informationen, durch Missbrauch der Verbindung oder [&hellip;]<\/p>\n","protected":false},"author":1,"featured_media":0,"parent":0,"menu_order":0,"comment_status":"closed","ping_status":"closed","template":"","meta":{"_themeisle_gutenberg_block_has_review":false,"footnotes":""},"class_list":["post-82","page","type-page","status-publish","hentry"],"yoast_head":"<!-- This site is optimized with the Yoast SEO plugin v24.0 - https:\/\/yoast.com\/wordpress\/plugins\/seo\/ -->\n<title>Impressum - \u2694\ufe0f Lets Defend your KMU<\/title>\n<meta name=\"robots\" content=\"index, follow, max-snippet:-1, max-image-preview:large, max-video-preview:-1\" \/>\n<link rel=\"canonical\" href=\"https:\/\/letsdefend.ch\/index.php\/impressum\/\" \/>\n<meta property=\"og:locale\" content=\"de_DE\" \/>\n<meta property=\"og:type\" content=\"article\" \/>\n<meta property=\"og:title\" content=\"Impressum - \u2694\ufe0f Lets Defend your KMU\" \/>\n<meta property=\"og:description\" content=\"KontaktadresseBlackbox 51 GmbHZ\u00fcrcherstrasse 4319015 St. GallenSchweizinfo@letsdefend.ch HandelsregistereintragEingetragener Firmenname: Blackbox 51 GmbHNummer: CHE-382.919.342 HaftungsausschlussDer Autor \u00fcbernimmt keinerlei Gew\u00e4hr hinsichtlich der inhaltlichen Richtigkeit, Genauigkeit, Aktualit\u00e4t, Zuverl\u00e4ssigkeit und Vollst\u00e4ndigkeit der Informationen. Haftungsanspr\u00fcche gegen den Autor wegen Sch\u00e4den materieller oder immaterieller Art, welche aus dem Zugriff oder der Nutzung bzw. Nichtnutzung der ver\u00f6ffentlichten Informationen, durch Missbrauch der Verbindung oder [&hellip;]\" \/>\n<meta property=\"og:url\" content=\"https:\/\/letsdefend.ch\/index.php\/impressum\/\" \/>\n<meta property=\"og:site_name\" content=\"\u2694\ufe0f Lets Defend your KMU\" \/>\n<meta name=\"twitter:card\" content=\"summary_large_image\" \/>\n<meta name=\"twitter:label1\" content=\"Gesch\u00e4tzte Lesezeit\" \/>\n\t<meta name=\"twitter:data1\" content=\"2\u00a0Minuten\" \/>\n<script type=\"application\/ld+json\" class=\"yoast-schema-graph\">{\"@context\":\"https:\/\/schema.org\",\"@graph\":[{\"@type\":\"WebPage\",\"@id\":\"https:\/\/letsdefend.ch\/index.php\/impressum\/\",\"url\":\"https:\/\/letsdefend.ch\/index.php\/impressum\/\",\"name\":\"Impressum - \u2694\ufe0f Lets Defend your KMU\",\"isPartOf\":{\"@id\":\"https:\/\/letsdefend.ch\/#website\"},\"datePublished\":\"2023-04-04T19:33:50+00:00\",\"dateModified\":\"2023-04-04T19:33:50+00:00\",\"breadcrumb\":{\"@id\":\"https:\/\/letsdefend.ch\/index.php\/impressum\/#breadcrumb\"},\"inLanguage\":\"de-CH\",\"potentialAction\":[{\"@type\":\"ReadAction\",\"target\":[\"https:\/\/letsdefend.ch\/index.php\/impressum\/\"]}]},{\"@type\":\"BreadcrumbList\",\"@id\":\"https:\/\/letsdefend.ch\/index.php\/impressum\/#breadcrumb\",\"itemListElement\":[{\"@type\":\"ListItem\",\"position\":1,\"name\":\"Startseite\",\"item\":\"https:\/\/letsdefend.ch\/\"},{\"@type\":\"ListItem\",\"position\":2,\"name\":\"Impressum\"}]},{\"@type\":\"WebSite\",\"@id\":\"https:\/\/letsdefend.ch\/#website\",\"url\":\"https:\/\/letsdefend.ch\/\",\"name\":\"\u2694\ufe0f Lets Defend your KMU\",\"description\":\"Besch\u00fctze deine Firma vor Cyberangriffen\",\"potentialAction\":[{\"@type\":\"SearchAction\",\"target\":{\"@type\":\"EntryPoint\",\"urlTemplate\":\"https:\/\/letsdefend.ch\/?s={search_term_string}\"},\"query-input\":{\"@type\":\"PropertyValueSpecification\",\"valueRequired\":true,\"valueName\":\"search_term_string\"}}],\"inLanguage\":\"de-CH\"}]}<\/script>\n<!-- \/ Yoast SEO plugin. -->","yoast_head_json":{"title":"Impressum - \u2694\ufe0f Lets Defend your KMU","robots":{"index":"index","follow":"follow","max-snippet":"max-snippet:-1","max-image-preview":"max-image-preview:large","max-video-preview":"max-video-preview:-1"},"canonical":"https:\/\/letsdefend.ch\/index.php\/impressum\/","og_locale":"de_DE","og_type":"article","og_title":"Impressum - \u2694\ufe0f Lets Defend your KMU","og_description":"KontaktadresseBlackbox 51 GmbHZ\u00fcrcherstrasse 4319015 St. GallenSchweizinfo@letsdefend.ch HandelsregistereintragEingetragener Firmenname: Blackbox 51 GmbHNummer: CHE-382.919.342 HaftungsausschlussDer Autor \u00fcbernimmt keinerlei Gew\u00e4hr hinsichtlich der inhaltlichen Richtigkeit, Genauigkeit, Aktualit\u00e4t, Zuverl\u00e4ssigkeit und Vollst\u00e4ndigkeit der Informationen. Haftungsanspr\u00fcche gegen den Autor wegen Sch\u00e4den materieller oder immaterieller Art, welche aus dem Zugriff oder der Nutzung bzw. Nichtnutzung der ver\u00f6ffentlichten Informationen, durch Missbrauch der Verbindung oder [&hellip;]","og_url":"https:\/\/letsdefend.ch\/index.php\/impressum\/","og_site_name":"\u2694\ufe0f Lets Defend your KMU","twitter_card":"summary_large_image","twitter_misc":{"Gesch\u00e4tzte Lesezeit":"2\u00a0Minuten"},"schema":{"@context":"https:\/\/schema.org","@graph":[{"@type":"WebPage","@id":"https:\/\/letsdefend.ch\/index.php\/impressum\/","url":"https:\/\/letsdefend.ch\/index.php\/impressum\/","name":"Impressum - \u2694\ufe0f Lets Defend your KMU","isPartOf":{"@id":"https:\/\/letsdefend.ch\/#website"},"datePublished":"2023-04-04T19:33:50+00:00","dateModified":"2023-04-04T19:33:50+00:00","breadcrumb":{"@id":"https:\/\/letsdefend.ch\/index.php\/impressum\/#breadcrumb"},"inLanguage":"de-CH","potentialAction":[{"@type":"ReadAction","target":["https:\/\/letsdefend.ch\/index.php\/impressum\/"]}]},{"@type":"BreadcrumbList","@id":"https:\/\/letsdefend.ch\/index.php\/impressum\/#breadcrumb","itemListElement":[{"@type":"ListItem","position":1,"name":"Startseite","item":"https:\/\/letsdefend.ch\/"},{"@type":"ListItem","position":2,"name":"Impressum"}]},{"@type":"WebSite","@id":"https:\/\/letsdefend.ch\/#website","url":"https:\/\/letsdefend.ch\/","name":"\u2694\ufe0f Lets Defend your KMU","description":"Besch\u00fctze deine Firma vor Cyberangriffen","potentialAction":[{"@type":"SearchAction","target":{"@type":"EntryPoint","urlTemplate":"https:\/\/letsdefend.ch\/?s={search_term_string}"},"query-input":{"@type":"PropertyValueSpecification","valueRequired":true,"valueName":"search_term_string"}}],"inLanguage":"de-CH"}]}},"_links":{"self":[{"href":"https:\/\/letsdefend.ch\/index.php\/wp-json\/wp\/v2\/pages\/82","targetHints":{"allow":["GET"]}}],"collection":[{"href":"https:\/\/letsdefend.ch\/index.php\/wp-json\/wp\/v2\/pages"}],"about":[{"href":"https:\/\/letsdefend.ch\/index.php\/wp-json\/wp\/v2\/types\/page"}],"author":[{"embeddable":true,"href":"https:\/\/letsdefend.ch\/index.php\/wp-json\/wp\/v2\/users\/1"}],"replies":[{"embeddable":true,"href":"https:\/\/letsdefend.ch\/index.php\/wp-json\/wp\/v2\/comments?post=82"}],"version-history":[{"count":1,"href":"https:\/\/letsdefend.ch\/index.php\/wp-json\/wp\/v2\/pages\/82\/revisions"}],"predecessor-version":[{"id":83,"href":"https:\/\/letsdefend.ch\/index.php\/wp-json\/wp\/v2\/pages\/82\/revisions\/83"}],"wp:attachment":[{"href":"https:\/\/letsdefend.ch\/index.php\/wp-json\/wp\/v2\/media?parent=82"}],"curies":[{"name":"wp","href":"https:\/\/api.w.org\/{rel}","templated":true}]}}